{"id":25,"date":"2011-07-14T19:53:24","date_gmt":"2011-07-14T19:53:24","guid":{"rendered":"https:\/\/compicom.cologne\/?page_id=25"},"modified":"2025-10-04T10:01:04","modified_gmt":"2025-10-04T09:01:04","slug":"our-services-2","status":"publish","type":"page","link":"https:\/\/compicom.cologne\/?page_id=25","title":{"rendered":"Kommunikationstechnik"},"content":{"rendered":"<h3 style=\"text-align: center;\"><strong><span style=\"color: #0000ff;\">Nur Telefonieren war gestern!<\/span><\/strong><br \/>\n<strong><span style=\"color: #0000ff;\">Heute erleichtert das richtige Kommunikationssystem unser Leben und vereinfacht viele t\u00e4gliche Prozesse!<\/span><\/strong><\/h3>\n<p>Dank der erfolgreichen und professionellen Dashoard Software von AGFEO und einer Telekommunikationsanlage von AGFEO werden wir ein L\u00e4cheln auf Ihr Gesicht zaubern. Viele unserer Kunden w\u00fcrden nie mehr etwas anderes kaufen. AGFEO bietet mit seiner professionellen CTI Software ein komplettes Business-B\u00fcro und erm\u00f6glicht dank der AGFEO APPs f\u00fcr IPhone und Android einen Zugriff auf alle wichtigen Daten und Termine aus der ganzen Welt..<\/p>\n<p>Wir vertreiben, installieren und administrieren ausschlie\u00dflich Anlagen der Firma AGFEO und ab 100 Nebenstellen LG-Ericson, da wir in 25 Jahren nur die besten Erfahrungen mit diesen Anlagen gemacht haben.<\/p>\n<p>Die Firma AGFEO ist die einzige Firma im Kommunikationsbereich, welche Ihnen auch nach 15 Jahren immer noch Systemtelefone f\u00fcr eine Anlage der \u00e4lteren Generation liefern kann! Alle Systemtelefone der neuen Generation sind abw\u00e4rts kompatibel. Au\u00dferdem ist die neue Anlagengeneration f\u00fchrend im Bereich der Stromersparnis, denn in einem Zeitraum von 10 Jahren sprechen wir von einer Ersparnis im vierstelligen Euro Bereich!<br \/>\nUnd wenn wir hier von &#8222;Made in Germany&#8220; sprechen, dann ist dies auch so gemeint. Entwickelt, hergestellt und supportet wird aus dem Firmensitz in Bielefeld.<\/p>\n<p>In unseren Technikr\u00e4umen arbeitet immer noch eine 17 Jahre alte AS40P Telefonanlage ihren Dienst und kommuniziert problemlos mit einer der letzten TK-Suite Softwarepaketen auf unserem PC. Dies ist jedoch nur m\u00f6glich, weil AGFEO immer wieder kostenlose Softwareupdates herausgebracht und zur Verf\u00fcgung gestellt hat!<\/p>\n<p>Die aktuelle AGFEO Anlagengeneration besitzt schon im Grundausbau 2 LAN Schnittstellen, womit dann die Verschmelzung mit der IT-Welt perfekt ist. SIP, VoIP und ASiP sind Standard. Die aktuelle Generation macht es problemlos m\u00f6glich auch abgesetzte Nebenstellen \u00fcber das LAN zu betreiben. Au\u00dferdem k\u00f6nnen Sie \u00fcber Ihr Smartphone von jedem Punkt auf der Welt auf die Software und alle Ihre gespeicherten Kontakte zugreifen, Stromverbraucher aus- und einschalten, oder Ihre integrierte Alarmanlage steuern und kontrollieren.<\/p>\n<p>Machen Sie die neue AGFEO Telefonanlage zum Steuerger\u00e4t Ihrer neuen modernen Haussteuerung, denn dies macht ein neues Softwaremodul f\u00fcr moderne Haussteuerung m\u00f6glich. Schalten Sie aus dem B\u00fcro einfach schon einmal Ihre Kaffeemaschine an und freuen sich auf den frischen Kaffee, wenn sie wieder zu Hause ankommen, nat\u00fcrlich nur, nachdem sie mit Ihrem Handy Ihr Garagentor ge\u00f6ffnet und wieder geschlossen haben!<\/p>\n<p>Nat\u00fcrlich ist auch die Integration einer T\u00fcrsprechanlage kein Problem und das Bild der Sicherheitskamera wird auf dem Systemtelefon ST45IP, ST56IP oder der Software angezeigt.<\/p>\n<p><strong>Telefonieren &#8211; Sicherheit &#8211; moderne Haussteuerung &#8211; B\u00fcrol\u00f6sung<\/strong><\/p>\n<h3><strong>AGFEO IST EIN MUSS &#8211; It is no Future, it&#8217;s a AGFEO TK-System<br \/>\n<\/strong><\/h3>\n","protected":false},"excerpt":{"rendered":"Nur Telefonieren war gestern! Heute erleichtert das richtige Kommunikationssystem unser Leben und vereinfacht viele t\u00e4gliche Prozesse! Dank der erfolgreichen und professionellen Dashoard Software von AGFEO und einer Telekommunikationsanlage von AGFEO werden wir ein L\u00e4cheln auf Ihr Gesicht zaubern. Viele unserer Kunden w\u00fcrden nie mehr etwas anderes kaufen. AGFEO bietet mit seiner professionellen CTI Software ein komplettes Business-B\u00fcro und erm\u00f6glicht dank der AGFEO APPs f\u00fcr IPhone und Android einen Zugriff auf alle wichtigen Daten und Termine aus der ganzen Welt.. Wir vertreiben, installieren und administrieren ausschlie\u00dflich Anlagen der Firma AGFEO und ab 100 Nebenstellen LG-Ericson, da wir in 25 Jahren nur die besten Erfahrungen mit diesen Anlagen gemacht haben. Die Firma AGFEO ist die einzige Firma im Kommunikationsbereich, welche Ihnen auch nach 15 Jahren immer noch Systemtelefone f\u00fcr eine Anlage der \u00e4lteren Generation liefern kann! Alle Systemtelefone der neuen Generation sind abw\u00e4rts kompatibel. Au\u00dferdem ist die neue Anlagengeneration f\u00fchrend im Bereich der Stromersparnis, denn in einem Zeitraum von 10 Jahren sprechen&nbsp;<a href=\"https:\/\/compicom.cologne\/?page_id=25\" class=\"read-more\">Continue Reading<\/a>","protected":false},"author":1,"featured_media":0,"parent":9,"menu_order":1,"comment_status":"open","ping_status":"closed","template":"","meta":{"footnotes":""},"class_list":["post-25","page","type-page","status-publish","hentry"],"yoast_head":"<!-- This site is optimized with the Yoast SEO plugin v14.5 - https:\/\/yoast.com\/wordpress\/plugins\/seo\/ -->\n<meta name=\"robots\" content=\"index, follow\" \/>\n<meta name=\"googlebot\" content=\"index, follow, max-snippet:-1, max-image-preview:large, max-video-preview:-1\" \/>\n<meta name=\"bingbot\" content=\"index, follow, max-snippet:-1, max-image-preview:large, max-video-preview:-1\" \/>\n<link rel=\"canonical\" href=\"https:\/\/compicom.cologne\/?page_id=25\" \/>\n<meta property=\"og:locale\" content=\"de_DE\" \/>\n<meta property=\"og:type\" content=\"article\" \/>\n<meta property=\"og:title\" content=\"Kommunikationstechnik - TK - IT Profis\" \/>\n<meta property=\"og:description\" content=\"Nur Telefonieren war gestern! Heute erleichtert das richtige Kommunikationssystem unser Leben und vereinfacht viele t\u00e4gliche Prozesse! Dank der erfolgreichen und professionellen Dashoard Software von AGFEO und einer Telekommunikationsanlage von AGFEO werden wir ein L\u00e4cheln auf Ihr Gesicht zaubern. Viele unserer Kunden w\u00fcrden nie mehr etwas anderes kaufen. AGFEO bietet mit seiner professionellen CTI Software ein komplettes Business-B\u00fcro und erm\u00f6glicht dank der AGFEO APPs f\u00fcr IPhone und Android einen Zugriff auf alle wichtigen Daten und Termine aus der ganzen Welt.. Wir vertreiben, installieren und administrieren ausschlie\u00dflich Anlagen der Firma AGFEO und ab 100 Nebenstellen LG-Ericson, da wir in 25 Jahren nur die besten Erfahrungen mit diesen Anlagen gemacht haben. Die Firma AGFEO ist die einzige Firma im Kommunikationsbereich, welche Ihnen auch nach 15 Jahren immer noch Systemtelefone f\u00fcr eine Anlage der \u00e4lteren Generation liefern kann! Alle Systemtelefone der neuen Generation sind abw\u00e4rts kompatibel. Au\u00dferdem ist die neue Anlagengeneration f\u00fchrend im Bereich der Stromersparnis, denn in einem Zeitraum von 10 Jahren sprechen&nbsp;Continue Reading\" \/>\n<meta property=\"og:url\" content=\"https:\/\/compicom.cologne\/?page_id=25\" \/>\n<meta property=\"og:site_name\" content=\"TK - IT Profis\" \/>\n<meta property=\"article:modified_time\" content=\"2025-10-04T09:01:04+00:00\" \/>\n<meta name=\"twitter:card\" content=\"summary\" \/>\n<script type=\"application\/ld+json\" class=\"yoast-schema-graph\">{\"@context\":\"https:\/\/schema.org\",\"@graph\":[{\"@type\":\"WebSite\",\"@id\":\"https:\/\/compicom.cologne\/#website\",\"url\":\"https:\/\/compicom.cologne\/\",\"name\":\"TK - IT Profis\",\"description\":\"Telekommunikations-, Informations-, Sicherheits- und moderne Haustechnik aus einer Hand\",\"potentialAction\":[{\"@type\":\"SearchAction\",\"target\":\"https:\/\/compicom.cologne\/?s={search_term_string}\",\"query-input\":\"required name=search_term_string\"}],\"inLanguage\":\"de\"},{\"@type\":\"WebPage\",\"@id\":\"https:\/\/compicom.cologne\/?page_id=25#webpage\",\"url\":\"https:\/\/compicom.cologne\/?page_id=25\",\"name\":\"Kommunikationstechnik - TK - IT Profis\",\"isPartOf\":{\"@id\":\"https:\/\/compicom.cologne\/#website\"},\"datePublished\":\"2011-07-14T19:53:24+00:00\",\"dateModified\":\"2025-10-04T09:01:04+00:00\",\"inLanguage\":\"de\",\"potentialAction\":[{\"@type\":\"ReadAction\",\"target\":[\"https:\/\/compicom.cologne\/?page_id=25\"]}]}]}<\/script>\n<!-- \/ Yoast SEO plugin. -->","_links":{"self":[{"href":"https:\/\/compicom.cologne\/index.php?rest_route=\/wp\/v2\/pages\/25","targetHints":{"allow":["GET"]}}],"collection":[{"href":"https:\/\/compicom.cologne\/index.php?rest_route=\/wp\/v2\/pages"}],"about":[{"href":"https:\/\/compicom.cologne\/index.php?rest_route=\/wp\/v2\/types\/page"}],"author":[{"embeddable":true,"href":"https:\/\/compicom.cologne\/index.php?rest_route=\/wp\/v2\/users\/1"}],"replies":[{"embeddable":true,"href":"https:\/\/compicom.cologne\/index.php?rest_route=%2Fwp%2Fv2%2Fcomments&post=25"}],"version-history":[{"count":9,"href":"https:\/\/compicom.cologne\/index.php?rest_route=\/wp\/v2\/pages\/25\/revisions"}],"predecessor-version":[{"id":766,"href":"https:\/\/compicom.cologne\/index.php?rest_route=\/wp\/v2\/pages\/25\/revisions\/766"}],"up":[{"embeddable":true,"href":"https:\/\/compicom.cologne\/index.php?rest_route=\/wp\/v2\/pages\/9"}],"wp:attachment":[{"href":"https:\/\/compicom.cologne\/index.php?rest_route=%2Fwp%2Fv2%2Fmedia&parent=25"}],"curies":[{"name":"wp","href":"https:\/\/api.w.org\/{rel}","templated":true}]}}