{"id":233,"date":"2012-04-05T15:19:16","date_gmt":"2012-04-05T15:19:16","guid":{"rendered":"https:\/\/compicom.cologne\/?page_id=233"},"modified":"2018-10-15T17:28:12","modified_gmt":"2018-10-15T16:28:12","slug":"2nd-category","status":"publish","type":"page","link":"https:\/\/compicom.cologne\/?page_id=233","title":{"rendered":"Kamera \u00dcberwachung"},"content":{"rendered":"<p>Gerade hier sollte man nicht sparen! In diesem Bereich ist &#8222;Geiz ist geil&#8220; total fehl am Platze! \u00dcberhaupt sollte man an seiner eigenen Sicherheit auf keinen Fall sparen!<\/p>\n<p>Sparen hei\u00dft unter umst\u00e4nden die Gesundheit der eigenen Familie absichtlich zu gef\u00e4hrden! Wollen Sie das wirklich?<\/p>\n","protected":false},"excerpt":{"rendered":"Gerade hier sollte man nicht sparen! In diesem Bereich ist &#8222;Geiz ist geil&#8220; total fehl am Platze! \u00dcberhaupt sollte man an seiner eigenen Sicherheit auf keinen Fall sparen! Sparen hei\u00dft unter umst\u00e4nden die Gesundheit der eigenen Familie absichtlich zu gef\u00e4hrden! Wollen Sie das wirklich?","protected":false},"author":1,"featured_media":0,"parent":28,"menu_order":1,"comment_status":"closed","ping_status":"closed","template":"","meta":{"footnotes":""},"class_list":["post-233","page","type-page","status-publish","hentry"],"yoast_head":"<!-- This site is optimized with the Yoast SEO plugin v14.5 - https:\/\/yoast.com\/wordpress\/plugins\/seo\/ -->\n<meta name=\"robots\" content=\"index, follow\" \/>\n<meta name=\"googlebot\" content=\"index, follow, max-snippet:-1, max-image-preview:large, max-video-preview:-1\" \/>\n<meta name=\"bingbot\" content=\"index, follow, max-snippet:-1, max-image-preview:large, max-video-preview:-1\" \/>\n<link rel=\"canonical\" href=\"https:\/\/compicom.cologne\/?page_id=233\" \/>\n<meta property=\"og:locale\" content=\"de_DE\" \/>\n<meta property=\"og:type\" content=\"article\" \/>\n<meta property=\"og:title\" content=\"Kamera \u00dcberwachung - TK - IT Profis\" \/>\n<meta property=\"og:description\" content=\"Gerade hier sollte man nicht sparen! In diesem Bereich ist &#8222;Geiz ist geil&#8220; total fehl am Platze! \u00dcberhaupt sollte man an seiner eigenen Sicherheit auf keinen Fall sparen! Sparen hei\u00dft unter umst\u00e4nden die Gesundheit der eigenen Familie absichtlich zu gef\u00e4hrden! Wollen Sie das wirklich?\" \/>\n<meta property=\"og:url\" content=\"https:\/\/compicom.cologne\/?page_id=233\" \/>\n<meta property=\"og:site_name\" content=\"TK - IT Profis\" \/>\n<meta property=\"article:modified_time\" content=\"2018-10-15T16:28:12+00:00\" \/>\n<meta name=\"twitter:card\" content=\"summary\" \/>\n<script type=\"application\/ld+json\" class=\"yoast-schema-graph\">{\"@context\":\"https:\/\/schema.org\",\"@graph\":[{\"@type\":\"WebSite\",\"@id\":\"https:\/\/compicom.cologne\/#website\",\"url\":\"https:\/\/compicom.cologne\/\",\"name\":\"TK - IT Profis\",\"description\":\"Telekommunikations-, Informations-, Sicherheits- und moderne Haustechnik aus einer Hand\",\"potentialAction\":[{\"@type\":\"SearchAction\",\"target\":\"https:\/\/compicom.cologne\/?s={search_term_string}\",\"query-input\":\"required name=search_term_string\"}],\"inLanguage\":\"de\"},{\"@type\":\"WebPage\",\"@id\":\"https:\/\/compicom.cologne\/?page_id=233#webpage\",\"url\":\"https:\/\/compicom.cologne\/?page_id=233\",\"name\":\"Kamera \\u00dcberwachung - TK - IT Profis\",\"isPartOf\":{\"@id\":\"https:\/\/compicom.cologne\/#website\"},\"datePublished\":\"2012-04-05T15:19:16+00:00\",\"dateModified\":\"2018-10-15T16:28:12+00:00\",\"inLanguage\":\"de\",\"potentialAction\":[{\"@type\":\"ReadAction\",\"target\":[\"https:\/\/compicom.cologne\/?page_id=233\"]}]}]}<\/script>\n<!-- \/ Yoast SEO plugin. -->","_links":{"self":[{"href":"https:\/\/compicom.cologne\/index.php?rest_route=\/wp\/v2\/pages\/233","targetHints":{"allow":["GET"]}}],"collection":[{"href":"https:\/\/compicom.cologne\/index.php?rest_route=\/wp\/v2\/pages"}],"about":[{"href":"https:\/\/compicom.cologne\/index.php?rest_route=\/wp\/v2\/types\/page"}],"author":[{"embeddable":true,"href":"https:\/\/compicom.cologne\/index.php?rest_route=\/wp\/v2\/users\/1"}],"replies":[{"embeddable":true,"href":"https:\/\/compicom.cologne\/index.php?rest_route=%2Fwp%2Fv2%2Fcomments&post=233"}],"version-history":[{"count":4,"href":"https:\/\/compicom.cologne\/index.php?rest_route=\/wp\/v2\/pages\/233\/revisions"}],"predecessor-version":[{"id":660,"href":"https:\/\/compicom.cologne\/index.php?rest_route=\/wp\/v2\/pages\/233\/revisions\/660"}],"up":[{"embeddable":true,"href":"https:\/\/compicom.cologne\/index.php?rest_route=\/wp\/v2\/pages\/28"}],"wp:attachment":[{"href":"https:\/\/compicom.cologne\/index.php?rest_route=%2Fwp%2Fv2%2Fmedia&parent=233"}],"curies":[{"name":"wp","href":"https:\/\/api.w.org\/{rel}","templated":true}]}}