{"id":23,"date":"2011-07-14T19:53:10","date_gmt":"2011-07-14T19:53:10","guid":{"rendered":"https:\/\/compicom.cologne\/?page_id=23"},"modified":"2019-04-09T19:42:27","modified_gmt":"2019-04-09T18:42:27","slug":"our-services-1","status":"publish","type":"page","link":"https:\/\/compicom.cologne\/?page_id=23","title":{"rendered":"Informationstechnik"},"content":{"rendered":"<p style=\"text-align: center;\">IT Systeme &#8211; ein Leben ohne IT? Undenkbar!<\/p>\n<p>Aber IT ist nicht IT! Viele Wege f\u00fchren rein und es ist und bleibt eine Sache des Vertrauens. Man muss sich auf seinen Dienstleister verlassen k\u00f6nnen und das geht nur wenn man das Gef\u00fchl hat, dass er auch f\u00fcr einen da ist und nicht nur das Geld sieht!<\/p>\n<p style=\"text-align: center;\"><strong>Wir alle kennen den Fall, dass man sein Auto mit einem Fehler in die Wrkstatt bringt, es dann wieder bekommt, eine dicke Rechnung zahlt und nach einer Woche ist der Fehler wieder da. Tja dann h\u00f6rt man immer: &#8222;Dann muss da noch etwas defekt sein, aber das ausgetauschte Teil war auf jeden Fall defekt&#8220; Und wieder muss man zahlen! <\/strong><br \/>\n<strong>Nicht bei UNS! Bei uns zahlte jeder nur einmal f\u00fcr eine Fehlerbehebung!<\/strong><\/p>\n<p>Wir sind Ihr kompetenter Ansprechpartner im Bereich Netzwerke, Computer Hardware, Serversysteme, sichere Firewalls und geeignete Backup-Strategien.<br \/>\nUnsere Qualifikationen sind ein Garant f\u00fcr schnelle und effiziente Probleml\u00f6sungen in vielen Bereichen der Informationstechnik.<br \/>\nWir erarbeiten die auf Sie zugeschnittene Probleml\u00f6sung Inhouse und kommen mit fertigen Strategien zu Ihnen. Kein rum basteln, keine fragenden Gesichter mehr und erst recht kein \u00e4rgern mehr \u00fcber den unqualifizierten EDV Menschen.<\/p>\n<p>Unser Arbeitslohn ist absolut bezahlbar und seit 13 Jahren nie erh\u00f6ht worden. Im Gegenteil!! Bei Stammkunden mit einem gewissen Umsatz senken wir diesen sogar um ca. 18% und rechnen sehr selten alle geleisteten Stunden ab. Wir wissen dass eine funktionierende EDV sehr wichtig ist und deshalb auch nicht gerade billig, aber wir vertreten auch die Meinung, dass der Kunde uns bezahlen k\u00f6nnen muss. Heute wird jeder KFZ Monteur mit ca. 30% mehr Stundenlohn angesetzt.<\/p>\n<h3 style=\"text-align: center;\"><strong>Unsere St\u00e4rken:<\/strong><\/h3>\n<p>&#8222;Ziehen Sie ein Ticket&#8220; &#8211; Nicht bei uns! Fehlermeldungen haben oberste Priorit\u00e4t und dies auch, wenn sich dadurch andere Auftr\u00e4ge verz\u00f6gern.<br \/>\nErreichbarkeit zwischen 9 Uhr Morgens und 2:30 Uhr Nachts! Auch an Sonn und Feiertagen!<br \/>\nBei uns sind Sie wirklich noch K\u00f6nig!<br \/>\nWir erarbeiten Inhouse die passenden Konzepte und L\u00f6sungen, aber berechnen bei erfolgreicher Umsetzung nur einen kleinen Teil dieser aufgewendeten Stunden.<\/p>\n<h2 style=\"text-align: center;\"><strong>L\u00e4ngere EDV-Ausf\u00e4lle bei unseren Kunden &#8211; Tja wir k\u00f6nnen uns nicht daran erinnern und unsere Kunden auch nicht!<\/strong><\/h2>\n","protected":false},"excerpt":{"rendered":"IT Systeme &#8211; ein Leben ohne IT? Undenkbar! Aber IT ist nicht IT! Viele Wege f\u00fchren rein und es ist und bleibt eine Sache des Vertrauens. Man muss sich auf seinen Dienstleister verlassen k\u00f6nnen und das geht nur wenn man das Gef\u00fchl hat, dass er auch f\u00fcr einen da ist und nicht nur das Geld sieht! Wir alle kennen den Fall, dass man sein Auto mit einem Fehler in die Wrkstatt bringt, es dann wieder bekommt, eine dicke Rechnung zahlt und nach einer Woche ist der Fehler wieder da. Tja dann h\u00f6rt man immer: &#8222;Dann muss da noch etwas defekt sein, aber das ausgetauschte Teil war auf jeden Fall defekt&#8220; Und wieder muss man zahlen! Nicht bei UNS! Bei uns zahlte jeder nur einmal f\u00fcr eine Fehlerbehebung! Wir sind Ihr kompetenter Ansprechpartner im Bereich Netzwerke, Computer Hardware, Serversysteme, sichere Firewalls und geeignete Backup-Strategien. Unsere Qualifikationen sind ein Garant f\u00fcr schnelle und effiziente Probleml\u00f6sungen in vielen Bereichen der Informationstechnik. Wir erarbeiten&nbsp;<a href=\"https:\/\/compicom.cologne\/?page_id=23\" class=\"read-more\">Continue Reading<\/a>","protected":false},"author":1,"featured_media":0,"parent":9,"menu_order":0,"comment_status":"closed","ping_status":"closed","template":"","meta":{"footnotes":""},"class_list":["post-23","page","type-page","status-publish","hentry"],"yoast_head":"<!-- This site is optimized with the Yoast SEO plugin v14.5 - https:\/\/yoast.com\/wordpress\/plugins\/seo\/ -->\n<meta name=\"robots\" content=\"index, follow\" \/>\n<meta name=\"googlebot\" content=\"index, follow, max-snippet:-1, max-image-preview:large, max-video-preview:-1\" \/>\n<meta name=\"bingbot\" content=\"index, follow, max-snippet:-1, max-image-preview:large, max-video-preview:-1\" \/>\n<link rel=\"canonical\" href=\"https:\/\/compicom.cologne\/?page_id=23\" \/>\n<meta property=\"og:locale\" content=\"de_DE\" \/>\n<meta property=\"og:type\" content=\"article\" \/>\n<meta property=\"og:title\" content=\"Informationstechnik - TK - IT Profis\" \/>\n<meta property=\"og:description\" content=\"IT Systeme &#8211; ein Leben ohne IT? Undenkbar! Aber IT ist nicht IT! Viele Wege f\u00fchren rein und es ist und bleibt eine Sache des Vertrauens. Man muss sich auf seinen Dienstleister verlassen k\u00f6nnen und das geht nur wenn man das Gef\u00fchl hat, dass er auch f\u00fcr einen da ist und nicht nur das Geld sieht! Wir alle kennen den Fall, dass man sein Auto mit einem Fehler in die Wrkstatt bringt, es dann wieder bekommt, eine dicke Rechnung zahlt und nach einer Woche ist der Fehler wieder da. Tja dann h\u00f6rt man immer: &#8222;Dann muss da noch etwas defekt sein, aber das ausgetauschte Teil war auf jeden Fall defekt&#8220; Und wieder muss man zahlen! Nicht bei UNS! Bei uns zahlte jeder nur einmal f\u00fcr eine Fehlerbehebung! Wir sind Ihr kompetenter Ansprechpartner im Bereich Netzwerke, Computer Hardware, Serversysteme, sichere Firewalls und geeignete Backup-Strategien. Unsere Qualifikationen sind ein Garant f\u00fcr schnelle und effiziente Probleml\u00f6sungen in vielen Bereichen der Informationstechnik. Wir erarbeiten&nbsp;Continue Reading\" \/>\n<meta property=\"og:url\" content=\"https:\/\/compicom.cologne\/?page_id=23\" \/>\n<meta property=\"og:site_name\" content=\"TK - IT Profis\" \/>\n<meta property=\"article:modified_time\" content=\"2019-04-09T18:42:27+00:00\" \/>\n<meta name=\"twitter:card\" content=\"summary\" \/>\n<script type=\"application\/ld+json\" class=\"yoast-schema-graph\">{\"@context\":\"https:\/\/schema.org\",\"@graph\":[{\"@type\":\"WebSite\",\"@id\":\"https:\/\/compicom.cologne\/#website\",\"url\":\"https:\/\/compicom.cologne\/\",\"name\":\"TK - IT Profis\",\"description\":\"Telekommunikations-, Informations-, Sicherheits- und moderne Haustechnik aus einer Hand\",\"potentialAction\":[{\"@type\":\"SearchAction\",\"target\":\"https:\/\/compicom.cologne\/?s={search_term_string}\",\"query-input\":\"required name=search_term_string\"}],\"inLanguage\":\"de\"},{\"@type\":\"WebPage\",\"@id\":\"https:\/\/compicom.cologne\/?page_id=23#webpage\",\"url\":\"https:\/\/compicom.cologne\/?page_id=23\",\"name\":\"Informationstechnik - TK - IT Profis\",\"isPartOf\":{\"@id\":\"https:\/\/compicom.cologne\/#website\"},\"datePublished\":\"2011-07-14T19:53:10+00:00\",\"dateModified\":\"2019-04-09T18:42:27+00:00\",\"inLanguage\":\"de\",\"potentialAction\":[{\"@type\":\"ReadAction\",\"target\":[\"https:\/\/compicom.cologne\/?page_id=23\"]}]}]}<\/script>\n<!-- \/ Yoast SEO plugin. -->","_links":{"self":[{"href":"https:\/\/compicom.cologne\/index.php?rest_route=\/wp\/v2\/pages\/23","targetHints":{"allow":["GET"]}}],"collection":[{"href":"https:\/\/compicom.cologne\/index.php?rest_route=\/wp\/v2\/pages"}],"about":[{"href":"https:\/\/compicom.cologne\/index.php?rest_route=\/wp\/v2\/types\/page"}],"author":[{"embeddable":true,"href":"https:\/\/compicom.cologne\/index.php?rest_route=\/wp\/v2\/users\/1"}],"replies":[{"embeddable":true,"href":"https:\/\/compicom.cologne\/index.php?rest_route=%2Fwp%2Fv2%2Fcomments&post=23"}],"version-history":[{"count":10,"href":"https:\/\/compicom.cologne\/index.php?rest_route=\/wp\/v2\/pages\/23\/revisions"}],"predecessor-version":[{"id":709,"href":"https:\/\/compicom.cologne\/index.php?rest_route=\/wp\/v2\/pages\/23\/revisions\/709"}],"up":[{"embeddable":true,"href":"https:\/\/compicom.cologne\/index.php?rest_route=\/wp\/v2\/pages\/9"}],"wp:attachment":[{"href":"https:\/\/compicom.cologne\/index.php?rest_route=%2Fwp%2Fv2%2Fmedia&parent=23"}],"curies":[{"name":"wp","href":"https:\/\/api.w.org\/{rel}","templated":true}]}}